s 12110897 prime?
True
Is 45821603 a composite number?
True
Is 484878439 prime?
False
Is 19774691 a prime number?
True
Is 813047 a composite number?
True
Is 128246891 a composite number?
False
Is 7048079 prime?
False
Is 18105733 composite?
True
Is 716047 composite?
True
Is 1055869 a prime number?
False
Is 17674013 a prime number?
False
Is 1895689 a prime number?
False
Is 28043387 prime?
False
Is 143804923 a composite number?
False
Is 900416893 a composite number?
False
Is 890653 composite?
False
Is 46769651 a composite number?
True
Is 28300247 a composite number?
False
Is 1781473 a prime number?
False
Is 38519281 a composite number?
True
Is 4746089 a composite number?
False
Is 6066421 composite?
True
Is 1141949 composite?
False
Is 269150311 a prime number?
True
Is 24951557 a composite number?
False
Is 30561727 a composite number?
True
Is 3296339 a composite number?
False
Is 57527 a prime number?
True
Is 26459857 a prime number?
True
Is 11199487 a prime number?
False
Is 285743893 prime?
True
Is 11184439 a prime number?
False
Is 1908391 composite?
True
Is 17186413 a composite number?
False
Is 1567 prime?
True
Is 3041393 prime?
True
Is 5387342 a composite number?
True
Is 799853 prime?
True
Is 2215277 a composite number?
False
Is 821568893 a prime number?
True
Is 194630335 prime?
False
Is 12706937 a prime number?
True
Is 12763123 a composite number?
False
Is 2983759 prime?
True
Is 35377613 a composite number?
True
Is 360335161 prime?
True
Is 106491629 a composite number?
False
Is 160497551 a composite number?
True
Is 73811389 prime?
True
Is 10098761 a prime number?
False
Is 679633 prime?
True
Is 2617001 composite?
False
Is 61039829 prime?
True
Is 67602143 composite?
True
Is 429773 composite?
False
Is 77969 prime?
True
Is 26056117 composite?
False
Is 83173821 a composite number?
True
Is 102397 a composite number?
False
Is 14709767 a prime number?
True
Is 2698049 a prime number?
True
Is 392803 composite?
False
Is 980914429 prime?
False
Is 2848577 a prime number?
True
Is 519377 composite?
True
Is 30175957 composite?
True
Is 3710185 a prime number?
False
Is 10293917 a composite number?
True
Is 72182309 a prime number?
True
Is 6211853 a composite number?
False
Is 3380497 prime?
True
Is 128461601 prime?
False
Is 533827655 a composite number?
True
Is 481297 composite?
False
Is 63200573 a prime number?
False
Is 2755729 a composite number?
True
Is 376808167 a prime number?
True
Is 8352629 composite?
False
Is 1135951 prime?
True
Is 345794686 a composite number?
True
Is 66969811 a composite number?
False
Is 26044301 a prime number?
True
Is 6951799 a composite number?
False
Is 1264218457 a prime number?
True
Is 66197603 a prime number?
True
Is 79382983 a prime number?
True
Is 132013 a prime number?
False
Is 573701 a composite number?
True
Is 5604763 a composite number?
False
Is 159279947 a composite number?
False
Is 95104451 composite?
True
Is 209705197 prime?
False
Is 44903 composite?
True
Is 223684205 a prime number?
False
Is 3894347 composite?
False
Is 22856293 composite?
False
Is 166369609 a composite number?
True
Is 296449949 composite?
True
Is 132287079 a composite number?
True
Is 628973 a prime number?
True
Is 56591 prime?
True
Is 878719 a composite number?
False
Is 142983083 a prime number?
True
Is 4341983 prime?
True
Is 6699931 composite?
True
Is 276864911 composite?
False
Is 3021313 composite?
False
Is 42084733 composite?
True
Is 495587 prime?
True
Is 56869103 prime?
True
Is 703973 a prime number?
False
Is 967567 prime?
True
Is 517649 composite?
True
Is 161196811 a prime number?
False
Is 3276773 a composite number?
False
Is 7905149 composite?
True
Is 28804591 a composite number?
True
Is 79012171 a composite number?
True
Is 85961003 a composite number?
False
Is 64691449 prime?
True
Is 16191697 composite?
True
Is 697579 composite?
False
Is 569948957 a composite number?
False
Is 460786 a prime number?
False
Is 2312459 prime?
False
Is 218357917 prime?
True
Is 2885549 composite?
True
Is 128670431 composite?
True
Is 275726093 composite?
True
Is 42683 composite?
False
Is 7761778 prime?
False
Is 106308935 composite?
True
Is 67120019 prime?
True
Is 15576971 prime?
True
Is 766333147 composite?
False
Is 105901157 a composite number?
False
Is 50336543 composite?
False
Is 5311277 a prime number?
True
Is 17859459 a prime number?
False
Is 616878379 prime?
False
Is 2831917 a prime number?
False
Is 48654187 composite?
True
Is 38653991 prime?
True
Is 35782701 a prime number?
False
Is 83982919 a prime number?
True
Is 6251339 prime?
True
Is 1403983 a composite number?
True
Is 92264849 a composite number?
True
Is 523134301 a prime number?
False
Is 125611 a composite number?
True
Is 242428521 prime?
False
Is 18083873 prime?
True
Is 11398631 composite?
True
Is 9734189 a prime number?
True
Is 3038417 composite?
True
Is 1472128199 a composite number?
False
Is 58971097 prime?
True
Is 557771 a prime number?
False
Is 51661439 a composite number?
True
Is 8899783 a prime number?
True
Is 4765247 prime?
False
Is 10047767 prime?
False
Is 1230997 a composite number?
False
Is 35028557 a composite number?
True
Is 9292627 a prime number?
True
Is 414157 composite?
False
Is 804473 a prime number?
True
Is 1510087 composite?
False
Is 74026267 composite?
True
Is 69012737 a composite number?
False
Is 74980937 prime?
True
Is 9957239 a composite number?
True
Is 8522603 a prime number?
True
Is 6681457 a composite number?
True
Is 40664227 a composite number?
False
Is 967201 prime?
True
Is 449051767 a composite number?
False
Is 1470849 a composite number?
True
Is 12555863 composite?
False
Is 9876323 a prime number?
False
Is 2417837 composite?
False
Is 158865103 a composite number?
True
Is 509909 a composite number?
False
Is 533895979 composite?
False
Is 3849889 composite?
False
Is 77360021 a composite number?
False
Is 21301937 prime?
True
Is 21936071 composite?
True
Is 2388307 a composite number?
True
Is 3827339 composite?
False
Is 18320869 a composite number?
True
Is 4125229 a composite number?
False
Is 7240547 composite?
True
Is 4638211 a prime number?
True
Is 246818557 a prime number?
True
Is 38392829 prime?
False
Is 253291315 prime?
False
Is 17502007 a prime number?
True
Is 1029671673 composite?
True
Is 165109313 a prime number?
True
Is 1655201 a prime number?
True
Is 1186321 composite?
False
Is 2542270093 a prime number?
False
Is 3729293 a prime number?
True
Is 3802913 composite?
False
Is 607787 a composite number?
True
Is 588347 a composite number?
False
Is 877601 a prime number?
True
Is 77880497 a composite number?
False
Is 153684931 a composite number?
True
Is 418903 a composite number?
True
Is 967973 prime?
False
Is 432029489 prime?
False
Is 47016461 composite?
True
Is 4853887 a composite number?
True
Is 8463061 a composite number?
False
Is 407783 a composite number?
False
Is 86144323 a composite number?
False
Is 284387 composite?
False
Is 107045777 prime?
False
Is 1594667 a prime number?
False
Is 223570033 a composite number?
False
Is 10824251 a prime number?
True
Is 93449887 a prime number?
True
Is 121663739 a composite number?
False
Is 30314567 a prime number?
False
Is 26025247 a prime number?
False
Is 49532621 composite?
True
Is 1675561 composite?
False
Is 50054213 prime?
False
Is 10060313 a composite number?
True
Is 65637097 prime?
True
Is 11322251 a prime number?
True
Is 269655743 a prime number?
False
Is 2086003 a composite number?
False
Is 71050769 composite?
True
Is 384954391 a prime number?
True
Is 287151943 a composite number?
True
Is 1600957 a prime number?
True
Is 4509814 prime?
False
Is 22796339 a prime number?
False
Is 6580447 a composite number?
True
Is 12867871 composite?
False
Is 11844829 prime?
True
Is 990463 a composite number?
False
Is 708251 composite?
False
Is 19607983 composite?
True
Is 21311347 composite?
False
Is 124496321 composite?
True
Is 7022401 composite?
True
Is 15842639 prime?
True
Is 26584631 a composite number?
False
Is 15476843 prime?
False
Is 4513499 a composite number?
False
Is 20323327 composite?
True
Is 206835961 prime?
True
Is 101744843 prime?
True
Is 1265771 a composite number?
True
Is 158419 a composite number?
False
Is 29055629 composite?
False
Is 4074365 prime?
False
Is 127492873 a prime number?
True
Is 76838737 a prime number?
True
Is 61